s the value of 3 - 2 - -2 - (1 - 2)?
4
What is the value of (-1 - -6) + (-3 - -5) - 3?
4
What is the value of (-4 - (-16 + 4)) + -7 + 2?
3
What is the value of -7 - (0 + (3 - 7) + 6)?
-9
(4 + 0 + 0 - 0) + 1
5
(3 - (0 + 8 - 19)) + -7
7
16 + -11 - (1 - -1 - -10)
-7
What is the value of 51 - 62 - (-23 - -3)?
9
4 - ((0 - -11) + (16 - 19))
-4
What is (7 - 4) + 0 - 5?
-2
Evaluate (-3 - -6) + (-22 - -11).
-8
What is the value of 6 + 2 + (15 - 28)?
-5
What is -4 + (1 - 2) + (1 - -4)?
0
What is the value of -7 - (2 + 3 + (4 - 14))?
-2
Evaluate 13 + (-19 - (9 + -20)).
5
2 - ((-1 - 5) + 2 - 0)
6
Calculate 4 + (5 - 1) - 3 - 4.
1
What is the value of 1 + (1 - (-3 - 0))?
5
What is the value of -7 + 2 + -6 + (4 - -3)?
-4
Calculate 2 - (17 - (-4 + 12) - 7).
0
What is (-1 - -3) + (9 - 16) + 6?
1
What is 13 + -11 + 2 + (-9 - -2)?
-3
Evaluate 958 + -957 + (-1 - -1) + -3.
-2
Calculate 0 - (-14 - -17 - (4 - 0)).
1
-3 - -8 - (4 + -4 + 2)
3
What is 0 - ((-1 - 1) + (-6 - -9))?
-1
5 - (-4 + (7 - 1))
3
What is -8 - (-22 + 9 - -4)?
1
What is the value of 8 - (2 + 2) - 8 - -6?
2
What is the value of -1 + 2 - (-3 - (4 - 5))?
3
Evaluate (-1 - 2) + 19 + -13.
3
What is (5 - 2) + -4 - -2?
1
What is the value of (-1 - -1) + -4 + -7 + 8?
-3
1 + 2 + -4 + -2
-3
Calculate -6 - (-6 - -8 - 12).
4
Evaluate -5 - (5 + (-5 - 3) - 3).
1
23 + -26 - (1 - 8)
4
-7 - (-3 + 1 + -6)
1
What is (-11 + 26 - 18) + 1 + 1?
-1
Calculate (-11 - (-8 - 5)) + -9 + 1.
-6
Calculate (7 - (0 - -3)) + (9 - 8).
5
What is the value of -5 + -2 + (27 - 10 - 2)?
8
What is the value of 13 - (-4 + 18 - 6)?
5
-2 - (-1 + 1 + -4)
2
Calculate 8 - 13 - (1 + -5 + 0).
-1
Calculate 6 + 1 + (-10 - (-5 + 0)).
2
What is the value of (2 - (4 + -6)) + -4?
0
Calculate (0 + 1 - 6) + -24 + 34.
5
-1 - ((0 - (6 - 9)) + 1)
-5
Evaluate -8 + 1 + (1 - -1) - -1.
-4
What is the value of (-2 - (-1 + (1 - -7))) + 2?
-7
Calculate (1 - (9 + -3)) + -1 + 4.
-2
What is the value of (-6 - -5) + (-1 - 1)?
-3
Calculate -3 - (-1 - (0 - 3)) - 0.
-5
What is the value of 3 + -10 + -2 + 15?
6
Calculate 8 + -1 + 0 + -3 + -1.
3
What is the value of 7 + -2 + -10 + 3?
-2
Calculate -27 + 28 + 9 + (3 - 5).
8
What is (2 - 0) + (-31 - -23) + -2?
-8
What is -1 - (-3 + -3 - -3)?
2
14 + -4 + -7 + -1
2
Calculate 3 + -2 + 2 - (102 + -101).
2
What is the value of 4 - (-3 - (-7 - 0))?
0
Calculate 4 + -2 + (-10 - (-1 - 2)).
-5
Calculate (-1 - 2) + (20 - 19).
-2
-6 - -8 - (-5 + (9 - 3))
1
What is -2 - (-10 + -1) - 16?
-7
-1 + (3 - 6) - -3
-1
(2 - (0 + -2)) + 1 - 2
3
What is the value of 2 + -1 + 3 - (2 + -6)?
8
-2 + -4 - (-36 + 34)
-4
Evaluate -2 + (2 - -4) + -6.
-2
Calculate (-1 - 4) + 7 + (-2 - 1).
-1
What is the value of 1 - ((-1 - 1) + (-1 - -4))?
0
What is the value of 8 + 1 + (-2 - -1) + -3?
5
Evaluate 2 - (9 + -1 + -8).
2
What is (3 - -1 - -1) + -3?
2
Evaluate -9 - -8 - (-9 - -1 - 1).
8
Evaluate (-4 - (1 + -2)) + 6.
3
What is 3 + (2 + (-2 - 14) - -4)?
-7
What is 4 + -1 - (10 + (-19 - -10))?
2
-6 + (-1 + 11 + -3 - 5)
-4
Calculate -28 - -25 - (0 + -10).
7
What is the value of -5 + (-1 + 9 - 6)?
-3
Evaluate (-3 - 5 - -5) + 1.
-2
Evaluate 1 + 0 - (-28 + 29).
0
What is the value of 2 - (-1 + 4 + -3)?
2
Calculate (-152 - -131) + 15 + 0.
-6
What is -1 + (-1 - -7) - (0 + 0)?
5
Calculate 38 + -37 + -7 + 2.
-4
1 + 10 + 1 + -6
6
Calculate -4 + 9 + -6 + 6.
5
What is the value of 3 - (-1 - (-11 + 2))?
-5
7 + (-16 - -6) + 12
9
-1 - (1 + (-1 - -3))
-4
What is the value of 2 + -6 + (2 - -2) + 2?
2
What is 3 - (3 + 5) - -9?
4
What is -1 - (1 + 3 + -1 - 3)?
-1
Evaluate (-3 - -2 - (-4 + 0)) + -2.
1
Calculate 6 + -10 + -3 + 3.
-4
What is (-4 - -8) + 0 + -1?
3
Calculate 3 - (4 + 1 + -2).
0
Calculate 14 + ((0 - 4) + 0 - 3).
7
Calculate -8 - 0 - (5 + -7).
-6
1 + 6 - 7 - 0
0
What is the value of 6 - (-4 - 6 - -20)?
-4
What is 0 - (1 + 3 + -2)?
-2
What is 1 + 1 - ((-2 - -8) + -9)?
5
Evaluate 4 + 4 + -11 + 0.
-3
Evaluate 7 - (2 - -3) - -1.
3
(1 - 2) + (6 - 2 - -3)
6
Calculate -5 - ((2 - 2) + -9 + -4).
8
What is 4 - (-1 + 0 + (-9 - -22))?
-8
Evaluate 6 + -6 + (-2 - 0) + 6.
4
What is -2 - (5 + -2 + (1 - 3))?
-3
Evaluate 1 + 2 - ((6 - 6) + -2).
5
0 + 0 + -2 + (3 - 4)
-3
Calculate -8 - -6 - (1 + -4 + 0).
1
Evaluate (6 - (3 - (-1 - -2))) + -2.
2
What is the value of 3 + -2 + 5 + -2?
4
Calculate (6 - 7) + 12 - 3.
8
-2 - (5 + -12 - -15) - -3
-7
Calculate -3 + -3 + 4 - (4 + -6).
0
What is the value of 21 + -17 - (1 + 4) - -4?
3
Evaluate 10 - 9 - (-6 - -2).
5
What is -4 + (5 - 1) + (5 - 7)?
-2
What is the value of 6 + -14 + (14 - 11) - 5?
-10
What is (6 - 4) + (1 - 3)?
0
Calculate -2 + 0 + 1 - 0 - 1.
-2
What is the value of -5 - (-6 - -13 - 5)?
-7
What is the value of 8 + -9 - (5 - 2)?
-4
Evaluate (5 - 7) + 5 + 2.
5
Evaluate 3 + 3 + 3 + -2 + -4.
3
Evaluate -1 - 6 - (61 + -68).
0
Evaluate (6 - 0) + (-5 - (-2 + 0)).
3
Evaluate -21 + 17 + 1 + -1.
-4
Evaluate 8 + -10 + -9 + 8.
-3
What is 6 + (4 - (6 + 4)) + 7?
7
Evaluate (-5 - 1) + (9 - 2 - 6).
-5
What is -9 + (2 + 2 - 2) - -4?
-3
(-2 - 2 - -5) + -4
-3
-3 - (-15 + (-5 - -15))
2
Calculate 5 - 3 - 4 - -4 - -3.
5
What is the value of -1 + (3 - (-8 - -11))?
-1
Evaluate -9 + -6 + 20 + -1.
4
(-6 - (8 - 11)) + -5
-8
Evaluate (1 - 2) + -2 + 5.
2
Evaluate 1 + 2 + -9 + 1 - -2.
-3
Evaluate -5 + -4 + 9 - 6.
-6
What is the value of 1 - 2 - (0 + (-15 - -20))?
-6
Evaluate 1 - (4 - 10 - (0 + -1)).
6
What is -2 + -1 - (1 - 6) - 0?
2
Evaluate 2 + (-3 + 8 - 5).
2
What is the value of 1 + (2 - -1) + -6 + 0?
-2
What is the value of (13 - 0 - (7 - 1)) + -3?
4
What is the value of -9 + 13 + -3 - (0 - -7)?
-6
4 - ((-3 - (-8 + 4)) + 0)
3
(-3 - -6) + -1 - (3 + 0)
-1
Calculate -4 + 0 + (7 - 6).
-3
What is 4 - (11 - 2 - 2)?
-3
Calculate 12 + -1 + -69 + 65.
7
Calculate 4 - (-10 + 18 + (1 - 0)).
-5
Evaluate 0 + 7 + (8 - 9).
6
Evaluate 5 - (10 + (-2 - (-1 + 5))).
1
Calculate (-4 - -4) + 2 - (1 + 2).
-1
What is (-7 - (-8 - -4)) + 2 + 3?
2
Evaluate 0 + (-3 - (3 - 4)).
-2
What is the value of 3 - (0 + 4) - (0 - 5)?
4
What is the value of (0 - (0 - -1)) + -3?
-4
Calculate -7 + 7 + -7 + 7.
0
What is the value of 4 + -1 - (49 - 53)?
7
4 + (-2 - 0 - -5 - 3)
4
What is the value of 1 + 5 + (6 + -2 - 10)?
0
What is the value of (5 - 3 - 1) + -1 + -1?
-1
What is the value of (1 + -5 - 0) + 0 + -2?
-6
What is 9 - (0 - 3 - -9)?
3
What is -4 + (-3 - -5) + 0?
-2
0 + -2 + -8 + 7
-3
Calculate (-1 - 4) + -8 + 6.
-7
What is 1 - 7 - -1 - (0 + -7)?
2
(-24 - (-14 + -5)) + (5 - -1)
1
What is the value of -3 + 3 + -4 - -2?
-2
Evaluate 4 + -19 + 9 + 5.
-1
Calculate -3 + (-1 - 6) + 14.
4
Evaluate -5 + 5 + (2 - -3).
5
What is 2 + -3 + -1 + -3 + 7?
2
What is the value of -12 - (-21 + 14) - -15?
10
What is 8 + -7 + (-15 - -8)?
-6
What is 7 + -3 + 0 + -1 + 2?
5
What is the value of (-6 + 3 - (-9 - -2)) + 0?
4
Evaluate 1 + (-8 + 3 - -7) + -5.
-2
What is the value of -5 - -6 - -2 - (17 + -22)?
8
Calculate (0 - -6) + (-9 - (4 - 13)).
6
Calculate (-1 - -1) + (6 - 4) + -1.
1
(1 + 0 - -7) + -9 + 3
2
0 + 3 - (-6 + 12 - 9)
6
What is -1 - -7 - -8 - 8?
6
Evaluate -2 + -3 - (-1 - -3).
-7
Evaluate 7 - 12 - -1 - (2 + -13).
7
What is the value of -6 + -1 + -3 + 1 + 6?
-3
-1 - 3 - (-9 + -6 + 7)
4
What is 1 + (4 - 8) + 6?
3
Evaluate (1 - 0 - 2) + (13 - 11).
1
What is (-3 + 3 - -8) + -12?
-4
(-3 + 5 - 3) + -1
-2
What is -6 + (7 - (-1 - -4)) + -1?
-3
Evaluate (-2 - 1) + (1 - -1) + 0.
-1
Calculate 5 + 1 + -2 - (12 + -5).
-3
What is the value of -2 + -1 - ((11 - 10) + -1)?
-3
Calculate (1 - -1) + 0 + -63 + 60.
-1
Calculate -9 + 5 + 2 - -4.
2
Evaluate 33 + -24 + (0 - -2 - 9).
2
What is the value of 7 - (3 + -2 - (31 + -28))?
9
What is the value of 8 + -6 + (1 + 1 - 3)?
1
What is (1 - 2) + 6 + (-3 - -1)?
3
Evaluate -3 + -1 + -1 + 1.
-4
What is the value of 1 - 2 - (0 - (-3 + 5))?
1
What is the value of 0 + -7 + 10 + -5?
-2
(-4 - -5) + 0 - 1
0
What is the value of 0 + (1 - 5) + 14?
10
What is the value of 9 + 1 + 2 - 7?
5
Calculate 4 + (-4 - -4 - (2 - 0)).
2
What is 6 + 8 + (8 - 15)?
7
What is -3 + (2 - (1 - (2 - 3)))?
-3
What is the value of 0 - -1 - (-14 - -20) - -9?
4
Calculate 13 + -3 + -8 + 10 + -9.
3
What is the value of 6 - ((2 - 3) + -1 + 2)?
6
Evaluate (-1 - -7) + -4 + -6.
-4
What is the value of -5 - -6 - 4 - 1?
-4
-14 + 15 - 6 - 5
-10
Evaluate -1 + 2 + (11 - 14) - -8.
6
Evaluate (-9 - (-1 + 1)) + (4 - 0).
-5
Evaluate (4